{"id":95,"date":"2015-07-06T10:59:35","date_gmt":"2015-07-06T08:59:35","guid":{"rendered":"http:\/\/xn--schtzenkrauthausen-o6b.de\/?page_id=95"},"modified":"2015-07-06T11:09:29","modified_gmt":"2015-07-06T09:09:29","slug":"der-schiesssport","status":"publish","type":"page","link":"https:\/\/xn--schtzenkrauthausen-o6b.de\/?page_id=95","title":{"rendered":"Der Schie\u00dfsport"},"content":{"rendered":"<p>Grunds\u00e4tzlich wir bei den Sch\u00fctzen Krauthausen Luftgewehr und Luftpistole geschossen. Dies findet auf den 8 Schie\u00dfbahnen des im Sch\u00fctzenhaus befindlichen Schie\u00dfstandes statt.<\/p>\n<p><span style=\"text-decoration: underline;\">Luftgewehr<\/span><\/p>\n<p>Beim Luftgewehr schie\u00dfen unterscheidet man zwischen Aufgelegt, Angestrichen und Freihand.<\/p>\n<p><span style=\"text-decoration: underline;\">Luftpistole<\/span><\/p>\n","protected":false},"excerpt":{"rendered":"<p>Grunds\u00e4tzlich wir bei den Sch\u00fctzen Krauthausen Luftgewehr und Luftpistole geschossen. Dies findet auf den 8 Schie\u00dfbahnen des im Sch\u00fctzenhaus befindlichen Schie\u00dfstandes statt. Luftgewehr Beim Luftgewehr schie\u00dfen unterscheidet man zwischen Aufgelegt, Angestrichen und Freihand. Luftpistole<\/p>\n","protected":false},"author":1,"featured_media":0,"parent":18,"menu_order":0,"comment_status":"closed","ping_status":"closed","template":"","meta":{"footnotes":"","_mc_calendar":[]},"_links":{"self":[{"href":"https:\/\/xn--schtzenkrauthausen-o6b.de\/index.php?rest_route=\/wp\/v2\/pages\/95"}],"collection":[{"href":"https:\/\/xn--schtzenkrauthausen-o6b.de\/index.php?rest_route=\/wp\/v2\/pages"}],"about":[{"href":"https:\/\/xn--schtzenkrauthausen-o6b.de\/index.php?rest_route=\/wp\/v2\/types\/page"}],"author":[{"embeddable":true,"href":"https:\/\/xn--schtzenkrauthausen-o6b.de\/index.php?rest_route=\/wp\/v2\/users\/1"}],"replies":[{"embeddable":true,"href":"https:\/\/xn--schtzenkrauthausen-o6b.de\/index.php?rest_route=%2Fwp%2Fv2%2Fcomments&post=95"}],"version-history":[{"count":3,"href":"https:\/\/xn--schtzenkrauthausen-o6b.de\/index.php?rest_route=\/wp\/v2\/pages\/95\/revisions"}],"predecessor-version":[{"id":99,"href":"https:\/\/xn--schtzenkrauthausen-o6b.de\/index.php?rest_route=\/wp\/v2\/pages\/95\/revisions\/99"}],"up":[{"embeddable":true,"href":"https:\/\/xn--schtzenkrauthausen-o6b.de\/index.php?rest_route=\/wp\/v2\/pages\/18"}],"wp:attachment":[{"href":"https:\/\/xn--schtzenkrauthausen-o6b.de\/index.php?rest_route=%2Fwp%2Fv2%2Fmedia&parent=95"}],"curies":[{"name":"wp","href":"https:\/\/api.w.org\/{rel}","templated":true}]}}